 = -135 - z. Suppose 11*l - 2706 = a. What are the prime factors of l?
3, 97
Let v = -33 + 31. Let y be (-10)/((v/(-4))/(3/(-6))). Let r(d) = d**3 - 11*d**2 + 21*d - 22. What are the prime factors of r(y)?
2, 11
Suppose -1248067 = -104*f + 83*f - 439525. What are the prime factors of f?
2, 3, 23, 31
Suppose w + 7*p = 9*p + 17150, 0 = -4*w - 18*p + 68626. What are the prime factors of w?
2, 67
Let k(z) = 21*z**2 - 4*z - 4. Let g be k(-8). Suppose 42*l - 46*l = g. Let s = -243 - l. What are the prime factors of s?
2, 5
List the prime factors of 17062 + (1 + 6 + 13 - 10).
2, 11, 97
Suppose 431 = 7*m - 3608. Let v = 609 + -280. Suppose 6*s - v = m. List the prime factors of s.
151
Let z(a) = -a**2 - 5*a. Let q be z(-6). Let m(j) = -j**3 - 9*j**2 - 15*j - 6. Let k be m(q). What are the prime factors of 10/(-5) - (k + -1 - 0)?
23
Suppose -4*x = 4, -4*j = 56*x - 51*x - 28383. What are the prime factors of j?
47, 151
Let w(s) = s**3 + 39*s**2 - 32*s + 296. List the prime factors of w(-39).
2, 193
Let q(i) = -270*i**2 + 39230. List the prime factors of q(0).
2, 5, 3923
Let t = 94 + -94. Suppose q - 2*q + 1 = t, 3*s + 1 = q. Suppose s = -5*y + 15, -5*d + 5*y = 3*y - 874. What are the prime factors of d?
2, 11
Suppose -3*a + 77607 = 3*k, 2*a = 13*k - 14*k + 51737. What are the prime factors of a?
2, 29, 223
Suppose s - 5*r + 10 = 0, 17*s = 13*s + 5*r - 10. Suppose 0 = -3*h + 6*h + 3*z - 2613, -2*h + 2*z + 1722 = s. List the prime factors of h.
2, 433
Suppose -6*b + 24 = -0*b. Suppose 50 = -b*m + 1262. What are the prime factors of m?
3, 101
Let p(c) = -14*c**2 - 20*c + 24. Let m(v) = -4*v**2 - v - 1. Let q(w) = -4*m(w) + p(w). What are the prime factors of q(-8)?
2, 71
Suppose 4*d + 2644 = -2*y, -2*d + 5*d - 3*y + 1992 = 0. Let p = d - -1217. What are the prime factors of p?
3, 5, 37
List the prime factors of -12*2/(-20) + 48838/10.
5, 977
Let x be (14/(-5))/((-10)/25). Suppose -x*i = 1 - 15. List the prime factors of -2 + i/((-8)/(-364)).
89
Let t(s) = -2*s**2 - 5*s + 21. Let g be t(3). List the prime factors of (-3446)/g - 20/(-24).
2, 3
Let f(j) = 0*j**2 + 19*j + 5 - 23 - j**2 + 4*j. Let q be f(22). Suppose -l = -q*h + 399, h - 61 = -2*l + 32. What are the prime factors of h?
3, 11
Suppose 0 = -3*d - 2*j + 55759, -4*j = -2*d + 42013 - 4851. Suppose -d = -43*v + 34993. What are the prime factors of v?
2, 7, 89
Let i = -5 + 16. Let c = i + -13. What are the prime factors of 6/(c*(-1)/22)?
2, 3, 11
Suppose 7*z - 4 = 6*z. Suppose z*n = -4*n + n. Let q = n - -55. List the prime factors of q.
5, 11
List the prime factors of ((-7099490)/(-232))/(15/12).
24481
Suppose -3*h - 11*j = -8*j - 15, -j = 5*h - 33. Suppose -v - 1209 = -3*o, o + 3*v - 414 = h*v. What are the prime factors of o?
2, 3, 67
Let a = 786 + -196. Let f = a - -83. What are the prime factors of f?
673
Let v = -1735 - -3360. What are the prime factors of v?
5, 13
Suppose 0 = -3*l + j - 6*j + 19, 5*j = -5*l + 35. Let n(c) = -l - 4 + 4*c**2 + 28 - 15*c - 8. List the prime factors of n(5).
3, 11
Suppose 2*s = 12*s - 30. Let m(i) = 92*i**2 + 15*i - 22. What are the prime factors of m(s)?
23, 37
Let m(d) = 259*d**2 - 37*d + 646. List the prime factors of m(13).
2, 1373
Let c be 10*(-1)/(-4)*62. Let a = 152 + c. What are the prime factors of a?
307
Let c = -5 + 7. Suppose -2*d + 10 = -3*m, 0 = -5*m - 4*d + c*d + 10. Suppose w - 86 + 11 = m. List the prime factors of w.
3, 5
Suppose -36260 = 25*i - 128735. What are the prime factors of i?
3, 137
Let a = 26919 - 4313. List the prime factors of a.
2, 89, 127
Suppose 16143 = 20*x + 73063. Let h = x + 4377. What are the prime factors of h?
1531
Let g = 219 - -207. Suppose 2*j - g = -4*j. Let x = 132 - j. What are the prime factors of x?
61
Suppose 0 = 5*k - 10 - 0. Let s be -2 + k + 5/(-1). Let f(o) = 7*o**2 + 6*o + 7. What are the prime factors of f(s)?
2, 19
Let q(d) = -d - 1. Let r(o) = 173*o + 271. Let z(t) = 4*q(t) - r(t). List the prime factors of z(-11).
2, 11, 19
Let v(c) = c**2 - 12*c + 12. Let j be v(11). Let b(n) = 4*n**2 + 4*n - 2. What are the prime factors of b(j)?
2, 3
Let n = 35719 + -14784. What are the prime factors of n?
5, 53, 79
Let k(l) = 23*l**3 + 178*l**2 - 8*l - 5. What are the prime factors of k(6)?
13, 67
Let v be ((-10)/(50/(-465)))/((-1)/(-2)). Suppose -308 = v*g - 187*g. What are the prime factors of g?
2, 7, 11
Let z(u) = 1029*u**2 + 104*u - 582. What are the prime factors of z(7)?
11, 4597
Let h(j) = 37*j**3 - 4*j**2 + j + 3. Let t = 89 - 87. Let n be h(t). Suppose -380 = -4*z - 2*d, 3*z - 5*d + 0*d - n = 0. List the prime factors of z.
5, 19
Let z be (-5131)/(-105) + 5/((-150)/(-4)). Let h = 142 + -82. Let o = h - z. List the prime factors of o.
11
Let n = 455 + -277. Suppose d = 2*o - 127, 0*o + 3*d - 131 = -2*o. Let r = n - o. List the prime factors of r.
2, 3, 19
Let z(v) = 64*v**2 + 75*v + 581. What are the prime factors of z(-14)?
3, 5, 7, 23
Suppose -u = -2*u + 512. Suppose 0 = -3*h + q + 1052, 47*h - 697 = 45*h + 5*q. Let d = u - h. What are the prime factors of d?
7, 23
Let c = 1325 - 774. Suppose -b + c = -14. Let l = -290 + b. List the prime factors of l.
5, 11
Suppose -223*i = -50*i - 173. Suppose -27 = 5*v - 3*q, 3*v = -2*q - 18 - 2. What are the prime factors of (i*(-183)/9)/(2/v)?
61
Let m(p) = -2*p**3 + 8*p**2 + 3*p + 21. Let q be m(5). List the prime factors of (q/4)/(-7)*510.
3, 5, 17
Suppose -126*x - 15*x - 749470 + 3199204 = 0. What are the prime factors of x?
2, 7, 17, 73
Let r = 148 + -124. Let a = r + 134. List the prime factors of a.
2, 79
Suppose -5*p = -162*q + 158*q - 114047, 0 = -3*p - 4*q + 68473. List the prime factors of p.
3, 5, 13
Suppose -2*o + 3519 = 64 - 4391. List the prime factors of o.
3923
Suppose -5*f - 3421 = -2*q, 5*q - 5*f - 7850 = 740. What are the prime factors of q?
1723
Suppose 0 = -c + 4, -3*c + 0*c = r - 16. Let s = 7 - r. What are the prime factors of 69 - (6 - s)/(-3)?
2, 5, 7
Let i = -7903 - -30142. List the prime factors of i.
3, 7, 353
Suppose 5*i + 3*v - 257 = 0, -5*i + 4*v - 223 = -487. Let s be 40/2*72/(-15). Let c = i - s. What are the prime factors of c?
2, 37
Suppose -23*y + 3573 = -32*y. Let l = y - -1681. What are the prime factors of l?
2, 3, 107
Let b be (-114)/(-12)*(1002 - -4). Let d be b/11 + 2/11. Suppose 0 = -2*m + 5*t + 417, m - 3*t - d = -3*m. What are the prime factors of m?
13, 17
Let i be 3 - 0*(-2 + 5)/(-3). Suppose 120 = -i*d + 3*o + 2*o, -5*d + 5*o = 200. Let f = d + 147. What are the prime factors of f?
107
Let v = -10085 - -19638. List the prime factors of v.
41, 233
Let t(m) = 228*m**2 + m - 1. Suppose 3*z + 0 = 3. List the prime factors of t(z).
2, 3, 19
What are the prime factors of 11 + (-30)/(-18)*162783/15?
2, 9049
Let v be (-1949)/(-2) + 1 + 39/78. What are the prime factors of (-1)/(-4)*4 + v?
977
Suppose -5*z = -26*z + 28649 + 57472. What are the prime factors of z?
3, 1367
Let i(k) be the second derivative of 26*k**3/3 - k**2 + 33*k - 1. What are the prime factors of i(5)?
2, 3, 43
Let y be 4/18 - (-36)/(-162). Suppose 3*f - 2779 = 5*g, y*f + 3*g = f - 929. What are the prime factors of f?
13, 71
Let v(n) = 460*n + 2*n**2 - n**2 + 65 + 1 - 447*n. What are the prime factors of v(-11)?
2, 11
Let d = 18820 + -14312. What are the prime factors of d?
2, 7, 23
Suppose 0 = -3*z - 4*z + 147. Suppose -z*n + 22*n = 0. Suppose n = 12*d + 38 - 626. What are the prime factors of d?
7
Let n(s) = -3*s**3 + 37*s**2 + 26*s + 70. What are the prime factors of n(-14)?
2, 5, 7, 31
Suppose 8*f = -6 - 26. Let o(y) = 25*y**2 + 11*y + 6. What are the prime factors of o(f)?
2, 181
Let a(u) = 2*u**3 - 83*u**2 - 183*u - 37. What are the prime factors of a(46)?
10589
Let v(k) be the second derivative of -137*k**3/2 + 29*k**2/2 + 2*k - 45. What are the prime factors of v(-2)?
23, 37
Let n = 341 + -58. Suppose 3*m = 1375 - n. What are the prime factors of m?
2, 7, 13
Suppose -8*r + 4*r - 3028 = 0. Let x = r - -1062. What are the prime factors of x?
5, 61
Let r be 48 + (-5)/(-35)*7. Suppose -r*q = -45*q - 396. What are the prime factors of q?
3, 11
Let t(w) = 76*w**3 + 16*w**2 - 28*w + 16. List the prime factors of t(9).
2, 3529
Suppose 2*f - 810 = 5*f. Let r = 647 + f. List the prime factors of r.
13, 29
Suppose 2*w - 13 = -5*u, 5*u - 1 = 6*u. Let k be 24/w*(-